p*g = 13*g + 144. Calculate the greatest common divisor of g and 18.
18
Let d(b) = 5*b**3 - 3*b**2 + 4*b - 3. Let n be d(2). Calculate the greatest common divisor of 55 and n.
11
Suppose 11 = -3*s + 71. Calculate the highest common divisor of s and 160.
20
Let f(p) = -7 - 1 - p**2 - 9*p + 2*p**2 + 0*p**2. Let o be f(10). Suppose -3*s = o*s - 825. What is the greatest common divisor of 15 and s?
15
Suppose -5*r = 3*n - 225, 5*r = 5*n - 0*r - 415. Suppose -4*h - h = n. Let l = -6 - h. Calculate the greatest common factor of 40 and l.
10
Suppose 13*v + 2666 = 18*v - w, -v + 532 = w. What is the greatest common factor of 26 and v?
13
Suppose -3*g - 3*f + 144 = g, 0 = g + 3*f - 36. Calculate the highest common factor of 12 and g.
12
Let r = -16 + 11. Let y(t) = 8*t**2 + 2. Let p(x) = 15*x**2 + 3. Let v(g) = r*y(g) + 3*p(g). Let s be v(2). What is the highest common divisor of s and 171?
19
Let w be ((-2112)/55)/(15/(-200)). What is the highest common divisor of w and 320?
64
Let l(i) = -3*i + 12. Let o be l(-6). Let d = o - 10. Suppose 2*y - 8 = -0*y. Calculate the greatest common factor of y and d.
4
Suppose 64 + 46 = 2*m. What is the highest common divisor of m and 120?
5
Let o = 2 - -3. Let w be 25*((-990)/(-75) - 11). What is the greatest common factor of w and o?
5
Suppose 5*c = 139 - 34. Let w(m) = -4*m + 2 - 15 - 2*m - 13*m. Let t be w(-4). What is the highest common divisor of c and t?
21
Suppose b = 5*b + 5*n - 728, -5*b - 2*n = -893. What is the greatest common divisor of b and 236?
59
Suppose -10*y + 60 = -8*y. Suppose -2*d - 4*n + 500 = 0, 4*d = -0*d + n + 955. What is the highest common factor of d and y?
30
Suppose 3*z + 15 - 72 = 0. Suppose 40*t = 45*t - 100. Suppose -t*c = -23*c + 171. What is the highest common divisor of c and z?
19
Suppose 0 = -5*d - 25, 4*l + 4*d - 2*d - 1054 = 0. Let o be (-1)/4 + 306/8. What is the greatest common divisor of l and o?
38
Let q = 40 - 22. Calculate the greatest common divisor of q and 123.
3
Suppose -5*g + 1673 + 802 = 0. Calculate the greatest common divisor of 297 and g.
99
Let u be 17/(-340) + (-1203)/(-60). Let g be -135*(0 - 4/10). Suppose -174 = -4*s - g. What is the greatest common divisor of u and s?
10
Let p be (-3)/(-18) + (-7070)/(-60). Calculate the greatest common divisor of 177 and p.
59
Let f be 6/(-24) - 4/(-16). Suppose 4*m = 2*j - 165 + 527, -4*m - 2*j + 342 = f. Let c be 32/(-6)*9/(-6). Calculate the highest common factor of m and c.
8
Let o be (34/8)/(2/8). Suppose -2*w = -0*w - 102. Calculate the highest common factor of o and w.
17
Let i(l) = 142*l - 394. Let z be i(15). What is the highest common divisor of 56 and z?
56
Suppose -3*y = -4*y - 3, 3*l + 3*y = 45. What is the greatest common divisor of 12 and l?
6
Suppose 4 - 52 = 6*z. Let d(o) = o**2 + 9*o + 10. Let b be d(z). Calculate the highest common factor of 3 and b.
1
Suppose c - 103 = 2*m, 3*c - 293 = 22*m - 20*m. Calculate the highest common divisor of c and 247.
19
Suppose -x = 2*l - 14, -5*x = -4*l - l - 10. Suppose -x*w = 5*w - 264. What is the highest common factor of w and 72?
24
Suppose -2*k + 72 = 5*h - h, -28 = -2*h - 5*k. Suppose q = -2*q + 15. Suppose -41 = -q*a + h. What is the highest common factor of a and 48?
12
Let n be (-6)/(-9) + 31/3. Suppose 7 = 3*s - 2*s + 5*y, -4*s - 5*y = -13. Suppose s*m - 5*m = -132. What is the greatest common divisor of n and m?
11
Let c(i) = -16*i - 1. Let w be c(-3). Suppose 4*l = w + 97. What is the greatest common divisor of 90 and l?
18
Suppose 5*n - 49 - 41 = 0. Let p = 5 - 5. Suppose 0 = 3*q - p*q - 81. What is the highest common divisor of n and q?
9
Let j(t) = -5*t**2 + 9*t**2 - 3*t**2 - 17*t - 3*t**2 + 7. Let i be j(-7). Calculate the highest common divisor of 14 and i.
14
Suppose -8*h + 39 = 7. Let v be ((-70)/4)/((-2)/h). What is the highest common divisor of v and 315?
35
Let n(w) = -w**3 - 23*w**2 - 21*w + 52. Let h be n(-22). What is the highest common divisor of h and 190?
10
Let r = -21 + 32. Let o be 2818/r - 4/22. Let a = 81 - 49. What is the greatest common divisor of o and a?
32
Suppose 10*y + 390 = 20*y. What is the greatest common divisor of y and 429?
39
Let n be 1/(-3)*-3 + -1. Suppose 0 = 5*v + 5*i - 20, n = -v - 5*i - 8 + 20. Let t be (-2)/(-3) - 132/(-18). What is the highest common factor of v and t?
2
Let w = -870 + 977. Calculate the highest common factor of 1391 and w.
107
Suppose -4*x + 20 = d - 4, -3*x + 35 = 5*d. Suppose -z = d*l + l + 11, z - 3*l = 13. Suppose z*i - 336 = -40. What is the highest common factor of 111 and i?
37
Suppose 20*n = -49 + 1289. What is the greatest common factor of n and 62?
62
Let h(l) = -l**3 - 4*l**2 - 3*l + 2. Let c be h(-4). Let y(k) = -k - 12. Let x be y(-54). What is the greatest common divisor of c and x?
14
Let h(u) = 108*u**2 + 25*u - 147. Let q be h(5). What is the greatest common factor of q and 26?
26
Let z(w) = 1 - 2*w + 1 + 1 + 3*w**2. Let a be z(2). Let f(u) = 8*u**2 + u - 11. Let l be f(4). Calculate the greatest common divisor of l and a.
11
Let g(l) = -l**2 - 17*l - 50. Let f be g(-12). Suppose -3*d + 3*v + 0*v = -99, -96 = -3*d + 2*v. What is the highest common divisor of f and d?
10
Let n = -1582 + 1843. Calculate the greatest common factor of 45 and n.
9
Suppose -681 = -2*s + 301. Let x(o) = -o**3 - 14*o**2 - 25*o - 2. Let z be x(-14). Let k = s - z. Calculate the greatest common divisor of k and 13.
13
Suppose -5*o + 3737 = 2747. What is the greatest common divisor of o and 144?
18
Suppose -2*c + 841 = -999. Calculate the highest common divisor of 40 and c.
40
Let g be 23 + 1 - (4 - (2 + 6)). Calculate the greatest common divisor of 7 and g.
7
Let k = -220 + 376. What is the greatest common divisor of k and 48?
12
Let z be 6/(-12) + 55/2. Suppose -4*o + 9 = -z. Suppose 0 = 2*p, 81 = 3*g + p + 3*p. What is the highest common factor of o and g?
9
Let n = -42 - -58. Let i(m) = 4*m - 32. Let l be i(n). Calculate the greatest common factor of l and 8.
8
Let h(t) = -t**3 - 20*t**2 - 47*t + 81. Let r be h(-17). What is the highest common factor of 559 and r?
13
Let f = 84 + -79. Suppose -f*b - 1 = -6. Suppose 6*x = 4*x + 2. Calculate the greatest common factor of x and b.
1
Let j be 5 - -1 - 0/(-1). Suppose -j*v - 620 = -2*v. Let c = -91 - v. Calculate the greatest common divisor of 16 and c.
16
Let f(h) = -h**3 + 10*h**2 + 7*h - 30. Let q be f(6). What is the highest common factor of q and 208?
52
Let n = 2854 + -2850. Suppose 0 = 2*w - 6*w - 16. Let v(a) = a**2 + a. Let t be v(w). Calculate the greatest common divisor of n and t.
4
Suppose 5*i + 0*g = -5*g + 3960, -i + 792 = 4*g. Let w = i - 498. Calculate the greatest common factor of 42 and w.
42
Suppose t = 2*s - 141 - 63, 4*s - 5*t = 396. Calculate the greatest common factor of s and 494.
26
Let d be (-1)/(-1) + 142/2. Suppose w + 2*x = x + 9, -12 = 2*w - 4*x. Suppose -w*k = k - 240. Calculate the greatest common factor of k and d.
24
Let m(z) = 10*z - 20. Let n be m(8). Suppose y - 61 = -n. What is the greatest common factor of 1 and y?
1
Let l = 2065 + -1353. Suppose -3*u - u + l = -4*d, 4*d = -8. Suppose -3*m - 4*h = -0*m - u, 0 = 2*m + 5*h - 115. What is the highest common divisor of m and 20?
20
Let y(g) = -g**3 + g - 11. Let k be y(0). Let u = k - -13. Suppose -u*x = i - 9, -x + 6*i = i + 1. What is the highest common divisor of 12 and x?
4
Suppose 2*y = -8*x + 3*x + 346, -4*y - 3*x = -678. Let j = -5 + 8. Let o be 28 + j + (-2 - 1). What is the highest common factor of y and o?
28
Let t = -72 - -79. Let b = 74 - -38. What is the greatest common divisor of t and b?
7
Let p(s) be the first derivative of s**2/2 + 25*s + 5. Let q be p(-9). Let c(k) = -145*k - 1. Let r be c(-1). What is the highest common divisor of q and r?
16
Let o = 0 - 4. Let g be (3/(-2))/(o/(-8)). Let z be 2/g + 1630/15. Calculate the highest common factor of 12 and z.
12
Suppose 2*o - 82 = 4*a, -4*o - 3*a + 133 = -42. Suppose 0 = -3*v + v + f + 68, -v = -5*f - o. What is the highest common divisor of 11 and v?
11
Let p be 4 - (-4 - -2 - -2). Suppose -5*s + s = 4*c - 112, s - 5*c - p = 0. Suppose -4*z = -s - 204. Calculate the greatest common factor of 38 and z.
19
Let i = 4 - -2. Let d(c) be the third derivative of c**5/30 - c**4/8 - 7*c**3/3 - c**2. Let n be d